mon factor of 24927995 and 10?
5
Calculate the greatest common factor of 88801425 and 6.
3
What is the greatest common factor of 200531 and 541733?
2993
Calculate the highest common divisor of 78625404 and 33.
33
What is the highest common divisor of 5638075 and 15?
5
What is the highest common factor of 1001108 and 1874596?
2836
What is the highest common factor of 185736972 and 24?
12
What is the highest common factor of 1420110 and 341310?
930
What is the greatest common factor of 324469970 and 393?
131
Calculate the highest common divisor of 138390 and 1981.
7
What is the greatest common factor of 25 and 760555?
5
Calculate the highest common factor of 2796383 and 1102.
29
Calculate the highest common divisor of 725892 and 260538.
1506
Calculate the greatest common divisor of 43823324 and 23596.
1388
Calculate the highest common divisor of 26 and 198640598.
26
Calculate the highest common factor of 2 and 14724720.
2
Calculate the greatest common factor of 95006547 and 72.
9
What is the highest common divisor of 1728 and 2484?
108
What is the greatest common divisor of 14363659 and 481?
37
What is the greatest common divisor of 7686 and 79813986?
2562
Calculate the greatest common factor of 1154185 and 102880.
3215
Calculate the greatest common factor of 349 and 1509425.
349
What is the highest common factor of 26701540 and 5?
5
Calculate the greatest common factor of 11600 and 567820.
580
Calculate the greatest common factor of 32 and 269583232.
32
Calculate the greatest common factor of 210 and 19206354.
6
What is the greatest common factor of 3183 and 819036828?
3183
What is the greatest common divisor of 63184 and 66448?
16
What is the greatest common factor of 93566 and 5016?
22
What is the highest common divisor of 18 and 29793033?
9
What is the highest common divisor of 312 and 23789448?
24
Calculate the greatest common factor of 388 and 52163884.
388
Calculate the highest common factor of 17 and 29316211.
17
Calculate the highest common factor of 2266 and 685568.
206
What is the highest common factor of 462 and 585060?
42
Calculate the greatest common factor of 372 and 55598748.
372
Calculate the greatest common divisor of 1573315 and 33235.
115
Calculate the greatest common factor of 753 and 52443.
3
Calculate the highest common factor of 6120586 and 1411.
83
What is the highest common divisor of 368675 and 2925?
25
What is the highest common factor of 1059316813 and 12538?
6269
What is the highest common factor of 792252 and 3068?
236
What is the greatest common factor of 10 and 1366710350?
10
What is the highest common divisor of 12 and 16688154?
6
Calculate the greatest common divisor of 3488702 and 182399.
2569
Calculate the greatest common factor of 1653073 and 54481.
181
Calculate the greatest common factor of 1490 and 16479400.
1490
What is the greatest common factor of 10078419 and 234?
39
Calculate the highest common divisor of 13022730 and 5220.
90
Calculate the greatest common factor of 444 and 28051476.
444
Calculate the highest common divisor of 29910155 and 860.
215
Calculate the greatest common divisor of 31661 and 107136301.
4523
Calculate the highest common factor of 37000 and 25720.
40
What is the highest common factor of 212157 and 3893831?
2143
What is the greatest common divisor of 724200 and 1260975?
1275
What is the highest common factor of 2442 and 8775734?
814
Calculate the greatest common factor of 256680150 and 4776.
1194
Calculate the greatest common divisor of 106653 and 930657.
1461
What is the highest common divisor of 560640 and 60152?
584
What is the highest common factor of 4843800 and 5330?
130
What is the greatest common factor of 126 and 278946430?
14
What is the highest common divisor of 32036616 and 216?
72
Calculate the highest common factor of 906450 and 426.
6
Calculate the greatest common divisor of 64 and 20595808.
32
Calculate the highest common factor of 279806627 and 687.
229
Calculate the highest common factor of 10241058 and 42.
6
Calculate the highest common divisor of 5555255 and 60955.
835
What is the greatest common factor of 23646315 and 33?
33
Calculate the highest common factor of 5427 and 29403.
81
What is the greatest common divisor of 15 and 1909815?
15
Calculate the greatest common factor of 1152 and 831036.
12
Calculate the greatest common divisor of 3561136 and 176272.
368
What is the greatest common divisor of 45 and 285036093?
9
Calculate the highest common factor of 793157 and 727.
727
What is the greatest common divisor of 192102 and 21872049?
951
What is the highest common factor of 168 and 1711265080?
56
What is the highest common factor of 14378 and 202951?
553
Calculate the highest common factor of 85036768 and 48.
16
What is the greatest common divisor of 5789604 and 12864?
804
Calculate the greatest common factor of 29072 and 112976.
368
Calculate the greatest common divisor of 176684571 and 26992.
1687
Calculate the greatest common divisor of 178692 and 424932.
12
What is the greatest common divisor of 2325 and 143499?
93
Calculate the greatest common factor of 973304 and 29014.
178
What is the greatest common divisor of 227148 and 347484?
276
What is the greatest common divisor of 9963 and 58302?
369
Calculate the highest common factor of 7047800 and 10.
10
What is the highest common divisor of 1600695 and 165?
15
Calculate the greatest common divisor of 8075 and 206321.
19
Calculate the highest common divisor of 11738441 and 897.
299
What is the highest common factor of 180743 and 5294881?
2963
Calculate the greatest common factor of 24150 and 562975.
175
Calculate the highest common factor of 3467 and 1431.
1
Calculate the highest common divisor of 10750 and 766088.
86
What is the highest common factor of 396739 and 1094191?
2527
What is the highest common factor of 377608 and 241472?
616
Calculate the highest common divisor of 17920 and 84704.
32
What is the highest common factor of 228140 and 706380?
1220
Calculate the greatest common divisor of 1932 and 982590.
42
What is the greatest common divisor of 52903719 and 594?
297
What is the greatest common divisor of 2 and 11773760?
2
Calculate the greatest common divisor of 3176003 and 6.
1
Calculate the highest common divisor of 2216565 and 380163.
1263
Calculate the greatest common divisor of 626 and 62372449.
313
What is the highest common divisor of 177442252 and 10062?
1118
What is the highest common factor of 12608 and 75168?
32
Calculate the highest common divisor of 156925 and 1280.
5
What is the greatest common divisor of 200 and 173279000?
200
Calculate the greatest common factor of 3673 and 4144458934.
3673
What is the greatest common divisor of 834 and 1161786742?
278
What is the greatest common divisor of 7 and 3742403161?
7
What is the greatest common divisor of 35298450 and 3450?
150
What is the greatest common factor of 141162 and 19488?
42
What is the greatest common factor of 3288 and 418632?
24
Calculate the greatest common divisor of 1718886 and 156.
78
Calculate the highest common factor of 11368907 and 11.
11
What is the highest common factor of 124096 and 2209352?
2216
What is the greatest common factor of 1347 and 2984049510?
1347
Calculate the greatest common factor of 17968 and 464.
16
Calculate the greatest common divisor of 31022063 and 3291.
1097
Calculate the greatest common factor of 7150008 and 84.
12
What is the greatest common divisor of 3934 and 1248968?
14
Calculate the highest common divisor of 306 and 1318231.
17
What is the highest common factor of 5 and 382981410?
5
Calculate the highest common factor of 81940 and 13040.
20
Calculate the greatest common divisor of 752 and 3921304.
376
What is the highest common divisor of 491382685 and 635?
635
Calculate the highest common factor of 2561504 and 4180.
836
Calculate the greatest common factor of 29164 and 293434.
46
What is the greatest common divisor of 102267977 and 4340?
217
What is the greatest common factor of 96712 and 841764?
308
Calculate the highest common divisor of 5524870 and 3830.
10
Calculate the highest common factor of 17449029 and 10548.
2637
What is the greatest common divisor of 69317558 and 103?
103
What is the greatest common factor of 1612 and 4686535360?
1612
Calculate the highest common divis